{"id":1165,"date":"2015-10-26T12:03:36","date_gmt":"2015-10-26T12:03:36","guid":{"rendered":"https:\/\/rosiqueaircraft.com\/it_rosique_wp\/\/?page_id=1165"},"modified":"2017-02-17T13:54:18","modified_gmt":"2017-02-17T12:54:18","slug":"formacion-part-147","status":"publish","type":"page","link":"https:\/\/rosiqueaircraft.com\/?page_id=1165","title":{"rendered":"Formaci\u00f3n EASA ES.147.018"},"content":{"rendered":"<ul>\n<li>\n<h5>En Rosique Aircraft impartimos cursos de formaci\u00f3n para t\u00e9cnicos de mantenimiento, ingenieros aeron\u00e1uticos e ingenieros t\u00e9cnicos aeron\u00e1uticos.<\/h5>\n<\/li>\n<li>\n<h5>Con nuestros cursos de formaci\u00f3n de tipo, podr\u00e1s incluir en tu licencia las habilitaciones de tipo, de grupo de fabricante o de grupo completo y certificar los trabajos que realices.<\/h5>\n<\/li>\n<\/ul>\n<p>[bs_collapse id=\u00bbcollapse_34ed-c4a9&#8243;]<br class=\"nc\" \/><br class=\"nc\" \/>[bs_citem title=\u00bbAlcance Formaci\u00f3n\u00bb id=\u00bbcitem_d019-85fe\u00bb parent=\u00bbcollapse_34ed-c4a9&#8243;]<\/p>\n<p>DIAMOND DA20 (Continental)<\/p>\n<p>DIAMOND DA20\/DV20 (Rotax)<\/p>\n<p>DIAMOND DA40 (Lycoming)<\/p>\n<p>DIAMOND DA42 SERIES (Thielert)<\/p>\n<p>DIAMOND DA42 SERIES (Austro Engines)<\/p>\n<p>CESSNA\/REIMS-CESSNA 172\/F172 SERIES (Lycoming)<\/p>\n<p>CESSNA\/REIMS-CESSNA 172\/F172 SERIES (Continental)<\/p>\n<p>CESSNA\/REIMS-CESSNA 337 SERIES (Continental) (Not pressurized)<\/p>\n<p>MOONEY M20B TO M20S\/M22 (Lycoming)<\/p>\n<p>PIPER PA-28 SERIES (Lycoming)<\/p>\n<p>PIPER PA-34 SERIES (Continental)<\/p>\n<p>VULCANAIR P.68 SERIES (Lycoming)<\/p>\n<p>CESSNA 550\/551\/560 (PWC JT15D)<\/p>\n<p>[\/bs_citem]<br \/>\n[\/bs_collapse]<\/p>\n<h4><strong>CURSOS IMPARTIDOS POR ROSIQUE AIRCRAFT:<\/strong><\/h4>\n<p>&nbsp;<\/p>\n<p>[bs_row class=\u00bbrow\u00bb]<br class=\"nc\" \/>[bs_col class=\u00bbcol-sm-6&#8243;][panel style=\u00bbpanel-success\u00bb class=\u00bbbluue\u00bb][panel-header]Piper PA-28(Lycoming) Type Training Course<br \/>\n[\/panel-header]<br \/>\n[panel-content]<br \/>\n<strong>Duraci\u00f3n:<\/strong> 51h<\/p>\n<p><strong>Tipo :<\/strong> Te\u00f3rico y pr\u00e1ctico<\/p>\n<p><strong>Idioma:<\/strong> Espa\u00f1ol (texto ingl\u00e9s)<\/p>\n<p><strong>Fechas:<\/strong><\/p>\n<p><strong>Horario:<\/strong><\/p>\n<p><strong>Precio:<\/strong><br \/>\nPara solicitar un curso deber\u00e1 rellenar un formulario como el siguiente:<br \/>\n<a href=\"https:\/\/rosiqueaircraft.com\/it_rosique_wp\/\/wp-content\/uploads\/2015\/07\/formulario_incripci%C3%B3n_diamondDA20.pdf\">Formulario_incripci\u00f3n_diamondDA20<\/a><br \/>\n[\/panel-content][\/panel][\/bs_col][bs_col class=\u00bbcol-sm-6&#8243;][panel style=\u00bbpanel-success\u00bb class=\u00bbbluue\u00bb][panel-header]<br \/>\nPiper PA-28(Lycoming) Type Training Course<br \/>\n[\/panel-header]<br \/>\n[panel-content]<br \/>\n<strong>Duraci\u00f3n:<\/strong> 51h<\/p>\n<p><strong>Tipo :<\/strong> Te\u00f3rico y pr\u00e1ctico<\/p>\n<p><strong>Idioma:<\/strong> Espa\u00f1ol (texto ingl\u00e9s)<\/p>\n<p><strong>Fechas:<\/strong><\/p>\n<p><strong>Horario:<\/strong><\/p>\n<p><strong>Precio:<\/strong><br \/>\nPara solicitar un curso deber\u00e1 rellenar un formulario como el siguiente:<br \/>\n<a href=\"https:\/\/rosiqueaircraft.com\/it_rosique_wp\/\/wp-content\/uploads\/2015\/07\/formulario_incripci%C3%B3n_diamondDA20.pdf\">Formulario_incripci\u00f3n_diamondDA20<\/a>[\/panel-content]<br \/>\n[\/panel]<br \/>\n[\/bs_col]<br \/>\n[\/bs_row]<\/p>\n","protected":false},"excerpt":{"rendered":"<p>En Rosique Aircraft impartimos cursos de formaci\u00f3n para t\u00e9cnicos de mantenimiento, ingenieros aeron\u00e1uticos e ingenieros t\u00e9cnicos aeron\u00e1uticos. Con nuestros cursos de formaci\u00f3n de tipo, podr\u00e1s incluir en tu licencia las habilitaciones de tipo, de grupo de fabricante o de grupo completo y certificar los trabajos que realices. [bs_collapse id=\u00bbcollapse_34ed-c4a9&#8243;][bs_citem title=\u00bbAlcance Formaci\u00f3n\u00bb id=\u00bbcitem_d019-85fe\u00bb parent=\u00bbcollapse_34ed-c4a9&#8243;] DIAMOND DA20&#8230;  <a href=\"https:\/\/rosiqueaircraft.com\/?page_id=1165\" class=\"more-link\" title=\"Read Formaci\u00f3n EASA ES.147.018\">Read more &raquo;<\/a><\/p>\n","protected":false},"author":1,"featured_media":0,"parent":21,"menu_order":9,"comment_status":"closed","ping_status":"closed","template":"page-full-width-slider.php","meta":{"_acf_changed":false,"footnotes":""},"class_list":["post-1165","page","type-page","status-publish","hentry"],"acf":[],"_links":{"self":[{"href":"https:\/\/rosiqueaircraft.com\/index.php?rest_route=\/wp\/v2\/pages\/1165","targetHints":{"allow":["GET"]}}],"collection":[{"href":"https:\/\/rosiqueaircraft.com\/index.php?rest_route=\/wp\/v2\/pages"}],"about":[{"href":"https:\/\/rosiqueaircraft.com\/index.php?rest_route=\/wp\/v2\/types\/page"}],"author":[{"embeddable":true,"href":"https:\/\/rosiqueaircraft.com\/index.php?rest_route=\/wp\/v2\/users\/1"}],"replies":[{"embeddable":true,"href":"https:\/\/rosiqueaircraft.com\/index.php?rest_route=%2Fwp%2Fv2%2Fcomments&post=1165"}],"version-history":[{"count":40,"href":"https:\/\/rosiqueaircraft.com\/index.php?rest_route=\/wp\/v2\/pages\/1165\/revisions"}],"predecessor-version":[{"id":1313,"href":"https:\/\/rosiqueaircraft.com\/index.php?rest_route=\/wp\/v2\/pages\/1165\/revisions\/1313"}],"up":[{"embeddable":true,"href":"https:\/\/rosiqueaircraft.com\/index.php?rest_route=\/wp\/v2\/pages\/21"}],"wp:attachment":[{"href":"https:\/\/rosiqueaircraft.com\/index.php?rest_route=%2Fwp%2Fv2%2Fmedia&parent=1165"}],"curies":[{"name":"wp","href":"https:\/\/api.w.org\/{rel}","templated":true}]}}